{"id":2901,"date":"2015-11-18T08:34:00","date_gmt":"2015-11-18T08:34:00","guid":{"rendered":"https:\/\/educationwp.thimpress.com\/?page_id=2901"},"modified":"2022-02-18T11:19:42","modified_gmt":"2022-02-18T11:19:42","slug":"rreth-nesh","status":"publish","type":"page","link":"https:\/\/ipatc-ks.com\/?page_id=2901","title":{"rendered":"Rreth Nesh"},"content":{"rendered":"<p>[vc_row][vc_column][vc_custom_heading text=&#8221;Instituti Profesional ATC&#8221; font_container=&#8221;tag:h2|text_align:center&#8221; google_fonts=&#8221;font_family:Alice%3Aregular|font_style:400%20regular%3A400%3Anormal&#8221;][\/vc_column][\/vc_row][vc_row css=&#8221;.vc_custom_1471796791252{margin-bottom: 63px !important;}&#8221;][vc_column width=&#8221;1\/2&#8243; css=&#8221;.vc_custom_1471796770554{margin-bottom: 30px !important;}&#8221;][vc_column_text]<\/p>\n<p>Instituti Profesional ATC i themeluar m\u00eb 5 shtator 2012 n\u00eb Tiran\u00eb dhe nga 31 Gusht 2016 n\u00eb Kosov\u00eb, Prishtin\u00eb, ka t\u00eb nj\u00ebjt\u00ebn ambicie: t\u00eb p\u00ebrgatis\u00eb profesionist\u00eb n\u00eb nivelet m\u00eb t\u00eb larta q\u00eb jan\u00eb t\u00eb aft\u00eb t\u00eb punojn\u00eb n\u00eb tregun vendas dhe nd\u00ebrkomb\u00ebtar t\u00eb pun\u00ebs. Stafi yn\u00eb i kualifikuar, programet dhe sistemi i m\u00ebsimdh\u00ebnies \u00ebsht\u00eb i ngjash\u00ebm me sistemin e dyfisht\u00eb gjerman, p\u00ebr shkak t\u00eb kombinimit n\u00eb teorin\u00eb m\u00eb t\u00eb mir\u00eb me praktik\u00ebn n\u00eb laborator\u00ebt tan\u00eb modern\u00eb, si dhe praktik\u00ebs intensive profesionale me kompanit\u00eb partnere. Instituti Profesional ATC praktikon programe t\u00eb akredituara nga AKK (Autoriteti Komb\u00ebtar i Kualifikimeve).Jemi t\u00eb licencuar nga MASHT (Ministria e Arsimit Shkenc\u00ebs dhe Teknologjis\u00eb)<br \/>\nNe i kushtojm\u00eb shum\u00eb r\u00ebnd\u00ebsi cil\u00ebsis\u00eb s\u00eb sh\u00ebrbimeve q\u00eb ofrojm\u00eb dhe mb\u00ebshtesim fuqish\u00ebm t\u00eb gjith\u00eb kursant\u00ebt tan\u00eb q\u00eb t\u00eb pun\u00ebsohen brenda dhe jasht\u00eb vendit n\u00ebp\u00ebrmjet zyr\u00ebs son\u00eb t\u00eb pun\u00ebsimit.[\/vc_column_text][\/vc_column][vc_column width=&#8221;1\/2&#8243; css=&#8221;.vc_custom_1471796781968{margin-bottom: 30px !important;}&#8221;][vc_column_text]Objektet tona jan\u00eb t\u00eb vendosura n\u00eb qend\u00ebr t\u00eb Prishtin\u00ebs, ka pes\u00eb laborator\u00eb praktik\u00eb dhe gjasht\u00eb klasa teorike.<br \/>\nPes\u00eb programe studimi nj\u00ebvje\u00e7are dhe tre programe tremujore jan\u00eb nd\u00ebr drejtimet m\u00eb t\u00eb k\u00ebrkuara t\u00eb tregut t\u00eb pun\u00ebs, si\u00e7 d\u00ebshmohet edhe nga anketat.<br \/>\nSipas eksperienc\u00ebs s\u00eb ATC-s\u00eb n\u00eb Tiran\u00eb, objektivat tan\u00eb jan\u00eb m\u00eb shum\u00eb se 75% e student\u00ebve t\u00eb fillojn\u00eb pun\u00ebn gjat\u00eb procesit t\u00eb trajnimit deri n\u00eb p\u00ebrfundimin e tij, 15% pun\u00ebsohen tre muaj pas p\u00ebrfundimit t\u00eb tij. T\u00eb jesh profesionist t\u00eb jep k\u00ebnaq\u00ebsi dhe vet\u00eb- besim n\u00eb pun\u00ebn tuaj, sepse njohuria \u00ebsht\u00eb \u00e7el\u00ebsi i suksesit n\u00eb arritjen e q\u00ebllimeve, t\u00eb kesh nj\u00eb karrier\u00eb t\u00eb suksesshme dhe t\u00eb jesh vetvetja.<br \/>\n\u201cInstituti Profesional ATC\u201d[\/vc_column_text][\/vc_column][\/vc_row][vc_row][vc_column]<div class=\"thim-widget-gallery-images\"><div class=\"thim-carousel-wrapper gallery-img  \" data-visible=\"1\"data-itemtablet=\"1\" data-itemmobile=\"1\" data-autoplay=\"0\" data-navigation=\"0\" data-pagination=\"1\"><div class=\"item\"><img src =\"https:\/\/ipatc-ks.com\/wp-content\/uploads\/2021\/12\/118145616_4332843700120889_5932909852919659973_n-1024x683.jpg\" width=\"1024\" height=\"683\" alt=\"\"\/><\/div><div class=\"item\"><img src =\"https:\/\/ipatc-ks.com\/wp-content\/uploads\/2021\/12\/IMG_8455-SMALL-1024x682.jpg\" width=\"1024\" height=\"682\" alt=\"\"\/><\/div><\/div><\/div>[\/vc_column][\/vc_row]<\/p>\n","protected":false},"excerpt":{"rendered":"<p>[vc_row][vc_column][vc_custom_heading text=&#8221;Instituti Profesional ATC&#8221; font_container=&#8221;tag:h2|text_align:center&#8221; google_fonts=&#8221;font_family:Alice%3Aregular|font_style:400%20regular%3A400%3Anormal&#8221;][\/vc_column][\/vc_row][vc_row css=&#8221;.vc_custom_1471796791252{margin-bottom: 63px !important;}&#8221;][vc_column width=&#8221;1\/2&#8243; css=&#8221;.vc_custom_1471796770554{margin-bottom: 30px !important;}&#8221;][vc_column_text] Instituti Profesional ATC i themeluar m\u00eb 5 shtator 2012 n\u00eb Tiran\u00eb dhe nga 31 Gusht 2016 n\u00eb Kosov\u00eb, Prishtin\u00eb, ka t\u00eb nj\u00ebjt\u00ebn ambicie: t\u00eb p\u00ebrgatis\u00eb profesionist\u00eb n\u00eb &hellip; <\/p>\n","protected":false},"author":1,"featured_media":0,"parent":0,"menu_order":0,"comment_status":"closed","ping_status":"closed","template":"","meta":{"_bbp_topic_count":0,"_bbp_reply_count":0,"_bbp_total_topic_count":0,"_bbp_total_reply_count":0,"_bbp_voice_count":0,"_bbp_anonymous_reply_count":0,"_bbp_topic_count_hidden":0,"_bbp_reply_count_hidden":0,"_bbp_forum_subforum_count":0,"om_disable_all_campaigns":false,"pmpro_default_level":0,"_monsterinsights_skip_tracking":false,"_monsterinsights_sitenote_active":false,"_monsterinsights_sitenote_note":"","_monsterinsights_sitenote_category":0},"_links":{"self":[{"href":"https:\/\/ipatc-ks.com\/index.php?rest_route=\/wp\/v2\/pages\/2901"}],"collection":[{"href":"https:\/\/ipatc-ks.com\/index.php?rest_route=\/wp\/v2\/pages"}],"about":[{"href":"https:\/\/ipatc-ks.com\/index.php?rest_route=\/wp\/v2\/types\/page"}],"author":[{"embeddable":true,"href":"https:\/\/ipatc-ks.com\/index.php?rest_route=\/wp\/v2\/users\/1"}],"replies":[{"embeddable":true,"href":"https:\/\/ipatc-ks.com\/index.php?rest_route=%2Fwp%2Fv2%2Fcomments&post=2901"}],"version-history":[{"count":28,"href":"https:\/\/ipatc-ks.com\/index.php?rest_route=\/wp\/v2\/pages\/2901\/revisions"}],"predecessor-version":[{"id":11700,"href":"https:\/\/ipatc-ks.com\/index.php?rest_route=\/wp\/v2\/pages\/2901\/revisions\/11700"}],"wp:attachment":[{"href":"https:\/\/ipatc-ks.com\/index.php?rest_route=%2Fwp%2Fv2%2Fmedia&parent=2901"}],"curies":[{"name":"wp","href":"https:\/\/api.w.org\/{rel}","templated":true}]}}

<p>[vc_row][vc_column][vc_custom_heading text=&#8221;Instituti Profesional ATC&#8221; font_container=&#8221;tag:h2|text_align:center&#8221; google_fonts=&#8221;font_family:Alice%3Aregular|font_style:400%20regular%3A400%3Anormal&#8221;][/vc_column][/vc_row][vc_row css=&#8221;.vc_custom_1471796791252{margin-bottom: 63px !important;}&#8221;][vc_column width=&#8221;1/2&#8243; css=&#8221;.vc_custom_1471796770554{margin-bottom: 30px !important;}&#8221;][vc_column_text]</p>
<p>Instituti Profesional ATC i themeluar më 5 shtator 2012 në Tiranë dhe nga 31 Gusht 2016 në Kosovë, Prishtinë, ka të njëjtën ambicie: të përgatisë profesionistë në nivelet më të larta që janë të aftë të punojnë në tregun vendas dhe ndërkombëtar të punës. Stafi ynë i kualifikuar, programet dhe sistemi i mësimdhënies është i ngjashëm me sistemin e dyfishtë gjerman, për shkak të kombinimit në teorinë më të mirë me praktikën në laboratorët tanë modernë, si dhe praktikës intensive profesionale me kompanitë partnere. Instituti Profesional ATC praktikon programe të akredituara nga AKK (Autoriteti Kombëtar i Kualifikimeve).Jemi të licencuar nga MASHT (Ministria e Arsimit Shkencës dhe Teknologjisë)<br />
Ne i kushtojmë shumë rëndësi cilësisë së shërbimeve që ofrojmë dhe mbështesim fuqishëm të gjithë kursantët tanë që të punësohen brenda dhe jashtë vendit nëpërmjet zyrës sonë të punësimit.[/vc_column_text][/vc_column][vc_column width=&#8221;1/2&#8243; css=&#8221;.vc_custom_1471796781968{margin-bottom: 30px !important;}&#8221;][vc_column_text]Objektet tona janë të vendosura në qendër të Prishtinës, ka pesë laboratorë praktikë dhe gjashtë klasa teorike.<br />
Pesë programe studimi njëvjeçare dhe tre programe tremujore janë ndër drejtimet më të kërkuara të tregut të punës, siç dëshmohet edhe nga anketat.<br />
Sipas eksperiencës së ATC-së në Tiranë, objektivat tanë janë më shumë se 75% e studentëve të fillojnë punën gjatë procesit të trajnimit deri në përfundimin e tij, 15% punësohen tre muaj pas përfundimit të tij. Të jesh profesionist të jep kënaqësi dhe vetë- besim në punën tuaj, sepse njohuria është çelësi i suksesit në arritjen e qëllimeve, të kesh një karrierë të suksesshme dhe të jesh vetvetja.<br />
“Instituti Profesional ATC”[/vc_column_text][/vc_column][/vc_row][vc_row][vc_column]<div class="thim-widget-gallery-images"><div class="thim-carousel-wrapper gallery-img  " data-visible="1"data-itemtablet="1" data-itemmobile="1" data-autoplay="0" data-navigation="0" data-pagination="1"><div class="item"><img src ="https://ipatc-ks.com/wp-content/uploads/2021/12/118145616_4332843700120889_5932909852919659973_n-1024x683.jpg" width="1024" height="683" alt=""/></div><div class="item"><img src ="https://ipatc-ks.com/wp-content/uploads/2021/12/IMG_8455-SMALL-1024x682.jpg" width="1024" height="682" alt=""/></div></div></div>[/vc_column][/vc_row]</p>

<p>[vc_row][vc_column][vc_custom_heading text=&#8221;Instituti Profesional ATC&#8221; font_container=&#8221;tag:h2|text_align:center&#8221; google_fonts=&#8221;font_family:Alice%3Aregular|font_style:400%20regular%3A400%3Anormal&#8221;][/vc_column][/vc_row][vc_row css=&#8221;.vc_custom_1471796791252{margin-bottom: 63px !important;}&#8221;][vc_column width=&#8221;1/2&#8243; css=&#8221;.vc_custom_1471796770554{margin-bottom: 30px !important;}&#8221;][vc_column_text] Instituti Profesional ATC i themeluar më 5 shtator 2012 në Tiranë dhe nga 31 Gusht 2016 në Kosovë, Prishtinë, ka të njëjtën ambicie: të përgatisë profesionistë në &hellip; </p>
