{"id":11993,"date":"2021-12-03T11:48:35","date_gmt":"2021-12-03T11:48:35","guid":{"rendered":"http:\/\/ipatc-ks.com\/?page_id=11993"},"modified":"2021-12-03T11:48:35","modified_gmt":"2021-12-03T11:48:35","slug":"electrician","status":"publish","type":"page","link":"https:\/\/ipatc-ks.com\/?page_id=11993&lang=en","title":{"rendered":"Electrician"},"content":{"rendered":"<p><img decoding=\"async\" loading=\"lazy\" class=\"aligncenter wp-image-11809 size-full\" src=\"http:\/\/ipatc-ks.com\/wp-content\/uploads\/2021\/12\/slide-7-elektricist.png\" alt=\"\" width=\"1600\" height=\"900\" srcset=\"https:\/\/ipatc-ks.com\/wp-content\/uploads\/2021\/12\/slide-7-elektricist.png 1600w, https:\/\/ipatc-ks.com\/wp-content\/uploads\/2021\/12\/slide-7-elektricist-300x169.png 300w, https:\/\/ipatc-ks.com\/wp-content\/uploads\/2021\/12\/slide-7-elektricist-1024x576.png 1024w, https:\/\/ipatc-ks.com\/wp-content\/uploads\/2021\/12\/slide-7-elektricist-768x432.png 768w, https:\/\/ipatc-ks.com\/wp-content\/uploads\/2021\/12\/slide-7-elektricist-1536x864.png 1536w, https:\/\/ipatc-ks.com\/wp-content\/uploads\/2021\/12\/slide-7-elektricist-600x338.png 600w\" sizes=\"(max-width: 1600px) 100vw, 1600px\" \/><\/p>\n<p>&nbsp;<\/p>\n<h2 style=\"border-left: 6px solid red; height: auto;\">\u00a0 Electrician<\/h2>\n<p>Kursi profesional nj\u00eb vje\u00e7ar p\u00ebr\u00a0<strong>Electrician<\/strong>\u00a0formon plot\u00ebsisht kursantin n\u00eb k\u00ebt\u00eb deg\u00eb dhe e p\u00ebrgatit at\u00eb p\u00ebr tregun e pun\u00ebs.<br \/>\nProgrami i k\u00ebtij kursi \u00ebsht\u00eb i plot\u00eb dhe shum\u00eb i pasur, si n\u00eb aspektin teorik ashtu dhe at\u00eb praktik, program i cili kuptohet leht\u00eb nga kursant\u00ebt, i p\u00ebrshtatur m\u00eb s\u00eb miri me teknologjin\u00eb dhe pajisjet e koh\u00ebs.<br \/>\nProgrami i k\u00ebtij kursi i jep mund\u00ebsi kursantit t\u00eb fitoj\u00eb njohuri t\u00eb thelluara mbi rrym\u00ebn elektrike, aspektet e teoris\u00eb s\u00eb matjeve, sistemet mat\u00ebse elektrike, njohja dhe p\u00ebrdorimi i aparateve mat\u00ebse, projektimi dhe zbatimi i instalimeve elektrike etj.<br \/>\nTeoria kombinohet shum\u00eb mir\u00eb me praktik\u00ebn, e cila zhvillohet n\u00eb laborator\u00ebt tan\u00eb n\u00eb \u00e7do dit\u00eb t\u00eb jav\u00ebs nga e h\u00ebna n\u00eb t\u00eb premte, me nga nj\u00eb seanc\u00eb 90 minut\u00ebshe, \u00e7do dit\u00eb p\u00ebr 9 muaj me rradh\u00eb.<br \/>\nN\u00eb p\u00ebrfundim t\u00eb kursit kryhet praktika profesionale intensive pran\u00eb subjekteve t\u00eb ndryshme, me t\u00eb cil\u00ebt kemi lidhur marr\u00ebveshje bashk\u00ebpunimi. Kjo e b\u00ebn kursin t\u00eb arritsh\u00ebm leht\u00eb nga \u00e7do kursant, i cili d\u00ebshiron t\u00eb b\u00ebhet ELEKTRICIST i zoti dhe i aft\u00eb, p\u00ebr t\u00eb kryer procese pune, duke filluar nga m\u00eb t\u00eb thjeshtat, si instalimin e rrjetit t\u00eb nj\u00eb banese e deri tek panelet elektrike t\u00eb institucioneve t\u00eb ndryshme, qendrave tregtare apo nj\u00ebsive t\u00eb tjera.<\/p>\n<p>&nbsp;<\/p>\n<h2 style=\"width: 350px; color: white; background-color: red; text-align: center;\">Register NOW<\/h2>\n<p>&nbsp;<\/p>\n","protected":false},"excerpt":{"rendered":"<p>&nbsp; \u00a0 Electrician Kursi profesional nj\u00eb vje\u00e7ar p\u00ebr\u00a0Electrician\u00a0formon plot\u00ebsisht kursantin n\u00eb k\u00ebt\u00eb deg\u00eb dhe e p\u00ebrgatit at\u00eb p\u00ebr tregun e pun\u00ebs. Programi i k\u00ebtij kursi \u00ebsht\u00eb i plot\u00eb dhe shum\u00eb i pasur, si n\u00eb aspektin teorik ashtu dhe at\u00eb praktik, &hellip; <\/p>\n","protected":false},"author":1,"featured_media":0,"parent":0,"menu_order":0,"comment_status":"closed","ping_status":"closed","template":"","meta":{"_bbp_topic_count":0,"_bbp_reply_count":0,"_bbp_total_topic_count":0,"_bbp_total_reply_count":0,"_bbp_voice_count":0,"_bbp_anonymous_reply_count":0,"_bbp_topic_count_hidden":0,"_bbp_reply_count_hidden":0,"_bbp_forum_subforum_count":0,"om_disable_all_campaigns":false,"pmpro_default_level":0,"_monsterinsights_skip_tracking":false,"_monsterinsights_sitenote_active":false,"_monsterinsights_sitenote_note":"","_monsterinsights_sitenote_category":0},"_links":{"self":[{"href":"https:\/\/ipatc-ks.com\/index.php?rest_route=\/wp\/v2\/pages\/11993"}],"collection":[{"href":"https:\/\/ipatc-ks.com\/index.php?rest_route=\/wp\/v2\/pages"}],"about":[{"href":"https:\/\/ipatc-ks.com\/index.php?rest_route=\/wp\/v2\/types\/page"}],"author":[{"embeddable":true,"href":"https:\/\/ipatc-ks.com\/index.php?rest_route=\/wp\/v2\/users\/1"}],"replies":[{"embeddable":true,"href":"https:\/\/ipatc-ks.com\/index.php?rest_route=%2Fwp%2Fv2%2Fcomments&post=11993"}],"version-history":[{"count":1,"href":"https:\/\/ipatc-ks.com\/index.php?rest_route=\/wp\/v2\/pages\/11993\/revisions"}],"predecessor-version":[{"id":11994,"href":"https:\/\/ipatc-ks.com\/index.php?rest_route=\/wp\/v2\/pages\/11993\/revisions\/11994"}],"wp:attachment":[{"href":"https:\/\/ipatc-ks.com\/index.php?rest_route=%2Fwp%2Fv2%2Fmedia&parent=11993"}],"curies":[{"name":"wp","href":"https:\/\/api.w.org\/{rel}","templated":true}]}}

<p><img decoding="async" loading="lazy" class="aligncenter wp-image-11809 size-full" src="http://ipatc-ks.com/wp-content/uploads/2021/12/slide-7-elektricist.png" alt="" width="1600" height="900" srcset="https://ipatc-ks.com/wp-content/uploads/2021/12/slide-7-elektricist.png 1600w, https://ipatc-ks.com/wp-content/uploads/2021/12/slide-7-elektricist-300x169.png 300w, https://ipatc-ks.com/wp-content/uploads/2021/12/slide-7-elektricist-1024x576.png 1024w, https://ipatc-ks.com/wp-content/uploads/2021/12/slide-7-elektricist-768x432.png 768w, https://ipatc-ks.com/wp-content/uploads/2021/12/slide-7-elektricist-1536x864.png 1536w, https://ipatc-ks.com/wp-content/uploads/2021/12/slide-7-elektricist-600x338.png 600w" sizes="(max-width: 1600px) 100vw, 1600px" /></p>
<p>&nbsp;</p>
<h2 style="border-left: 6px solid red; height: auto;">  Electrician</h2>
<p>Kursi profesional një vjeçar për <strong>Electrician</strong> formon plotësisht kursantin në këtë degë dhe e përgatit atë për tregun e punës.<br />
Programi i këtij kursi është i plotë dhe shumë i pasur, si në aspektin teorik ashtu dhe atë praktik, program i cili kuptohet lehtë nga kursantët, i përshtatur më së miri me teknologjinë dhe pajisjet e kohës.<br />
Programi i këtij kursi i jep mundësi kursantit të fitojë njohuri të thelluara mbi rrymën elektrike, aspektet e teorisë së matjeve, sistemet matëse elektrike, njohja dhe përdorimi i aparateve matëse, projektimi dhe zbatimi i instalimeve elektrike etj.<br />
Teoria kombinohet shumë mirë me praktikën, e cila zhvillohet në laboratorët tanë në çdo ditë të javës nga e hëna në të premte, me nga një seancë 90 minutëshe, çdo ditë për 9 muaj me rradhë.<br />
Në përfundim të kursit kryhet praktika profesionale intensive pranë subjekteve të ndryshme, me të cilët kemi lidhur marrëveshje bashkëpunimi. Kjo e bën kursin të arritshëm lehtë nga çdo kursant, i cili dëshiron të bëhet ELEKTRICIST i zoti dhe i aftë, për të kryer procese pune, duke filluar nga më të thjeshtat, si instalimin e rrjetit të një banese e deri tek panelet elektrike të institucioneve të ndryshme, qendrave tregtare apo njësive të tjera.</p>
<p>&nbsp;</p>
<h2 style="width: 350px; color: white; background-color: red; text-align: center;">Register NOW</h2>
<p>&nbsp;</p>

<p>&nbsp;   Electrician Kursi profesional një vjeçar për Electrician formon plotësisht kursantin në këtë degë dhe e përgatit atë për tregun e punës. Programi i këtij kursi është i plotë dhe shumë i pasur, si në aspektin teorik ashtu dhe atë praktik, &hellip; </p>
